[INFO] cloning repository https://github.com/Connicpu/discord-native-win
[INFO] running `Command { std: "git" "-c" "credential.helper=" "-c" "credential.helper=/workspace/cargo-home/bin/git-credential-null" "clone" "--bare" "https://github.com/Connicpu/discord-native-win" "/workspace/cache/git-repos/https%3A%2F%2Fgithub.com%2FConnicpu%2Fdiscord-native-win", kill_on_drop: false }`
[INFO] [stderr] Cloning into bare repository '/workspace/cache/git-repos/https%3A%2F%2Fgithub.com%2FConnicpu%2Fdiscord-native-win'...
[INFO] running `Command { std: "git" "rev-parse" "HEAD", kill_on_drop: false }`
[INFO] [stdout] 43fe07da1053093e81d43e06f5a0ef0efc6678d5
[INFO] checking Connicpu/discord-native-win against try#72f88fc4e9458f89516a0b8b0868f3718aec5b47 for pr-74989
[INFO] running `Command { std: "git" "clone" "/workspace/cache/git-repos/https%3A%2F%2Fgithub.com%2FConnicpu%2Fdiscord-native-win" "/workspace/builds/worker-1/source", kill_on_drop: false }`
[INFO] [stderr] Cloning into '/workspace/builds/worker-1/source'...
[INFO] [stderr] done.
[INFO] validating manifest of git repo https://github.com/Connicpu/discord-native-win on toolchain 72f88fc4e9458f89516a0b8b0868f3718aec5b47
[INFO] running `Command { std: "/workspace/cargo-home/bin/cargo" "+72f88fc4e9458f89516a0b8b0868f3718aec5b47" "read-manifest" "--manifest-path" "Cargo.toml", kill_on_drop: false }`
[INFO] started tweaking git repo https://github.com/Connicpu/discord-native-win
[INFO] finished tweaking git repo https://github.com/Connicpu/discord-native-win
[INFO] tweaked toml for git repo https://github.com/Connicpu/discord-native-win written to /workspace/builds/worker-1/source/Cargo.toml
[INFO] crate git repo https://github.com/Connicpu/discord-native-win already has a lockfile, it will not be regenerated
[INFO] running `Command { std: "/workspace/cargo-home/bin/cargo" "+72f88fc4e9458f89516a0b8b0868f3718aec5b47" "fetch" "--locked" "--manifest-path" "Cargo.toml", kill_on_drop: false }`
[INFO] [stderr]     Updating git repository `https://github.com/hyperium/hyper`
[INFO] [stderr]     Updating git repository `https://github.com/hyperium/hyper-tls`
[INFO] [stderr]     Updating git repository `https://github.com/google/xi-win`
[INFO] [stderr]  Downloading crates ...
[INFO] [stderr]   Downloaded spin v0.4.8
[INFO] [stderr]   Downloaded futures-await-await-macro v0.1.1
[INFO] [stderr]   Downloaded proc-macro2 v0.4.3
[INFO] [stderr]   Downloaded dxgi v0.1.7
[INFO] [stderr]   Downloaded direct3d11 v0.1.7
[INFO] [stderr]   Downloaded serde_derive v1.0.63
[INFO] [stderr]   Downloaded quote v0.6.2
[INFO] [stderr]   Downloaded openssl-sys v0.9.31
[INFO] [stderr]   Downloaded serde_json v1.0.18
[INFO] [stderr]   Downloaded futures-await v0.1.1
[INFO] [stderr]   Downloaded wio v0.2.0
[INFO] [stderr]   Downloaded syn v0.14.0
[INFO] [stderr]   Downloaded futures-await-async-macro v0.1.4
[INFO] [stderr]   Downloaded directwrite v0.1.2
[INFO] [stderr]   Downloaded direct2d v0.1.2
[INFO] [stderr]   Downloaded erased-serde v0.3.3
[INFO] [stderr]   Downloaded serde v1.0.63
[INFO] [stderr]   Downloaded h2 v0.1.8
[INFO] running `Command { std: "docker" "create" "-v" "/var/lib/crater-agent-workspace/builds/worker-1/target:/opt/rustwide/target:rw,Z" "-v" "/var/lib/crater-agent-workspace/builds/worker-1/source:/opt/rustwide/workdir:ro,Z" "-v" "/var/lib/crater-agent-workspace/cargo-home:/opt/rustwide/cargo-home:ro,Z" "-v" "/var/lib/crater-agent-workspace/rustup-home:/opt/rustwide/rustup-home:ro,Z" "-e" "SOURCE_DIR=/opt/rustwide/workdir" "-e" "CARGO_TARGET_DIR=/opt/rustwide/target" "-e" "CARGO_HOME=/opt/rustwide/cargo-home" "-e" "RUSTUP_HOME=/opt/rustwide/rustup-home" "-w" "/opt/rustwide/workdir" "-m" "1610612736" "--user" "0:0" "--network" "none" "rustops/crates-build-env@sha256:d92eaeed33fa75130ca1ee6c8a01d1ffb62bac859dfdfb3450e3e5d1c0146529" "/opt/rustwide/cargo-home/bin/cargo" "+72f88fc4e9458f89516a0b8b0868f3718aec5b47" "metadata" "--no-deps" "--format-version=1", kill_on_drop: false }`
[INFO] [stdout] c29721e7b6991e5faf951ed569c79808ff1dd0323c308815c1e2a76392b36d49
[INFO] [stderr] WARNING: Your kernel does not support swap limit capabilities or the cgroup is not mounted. Memory limited without swap.
[INFO] running `Command { std: "docker" "start" "-a" "c29721e7b6991e5faf951ed569c79808ff1dd0323c308815c1e2a76392b36d49", kill_on_drop: false }`
[INFO] running `Command { std: "docker" "inspect" "c29721e7b6991e5faf951ed569c79808ff1dd0323c308815c1e2a76392b36d49", kill_on_drop: false }`
[INFO] running `Command { std: "docker" "rm" "-f" "c29721e7b6991e5faf951ed569c79808ff1dd0323c308815c1e2a76392b36d49", kill_on_drop: false }`
[INFO] [stdout] c29721e7b6991e5faf951ed569c79808ff1dd0323c308815c1e2a76392b36d49
[INFO] running `Command { std: "docker" "create" "-v" "/var/lib/crater-agent-workspace/builds/worker-1/target:/opt/rustwide/target:rw,Z" "-v" "/var/lib/crater-agent-workspace/builds/worker-1/source:/opt/rustwide/workdir:ro,Z" "-v" "/var/lib/crater-agent-workspace/cargo-home:/opt/rustwide/cargo-home:ro,Z" "-v" "/var/lib/crater-agent-workspace/rustup-home:/opt/rustwide/rustup-home:ro,Z" "-e" "SOURCE_DIR=/opt/rustwide/workdir" "-e" "CARGO_TARGET_DIR=/opt/rustwide/target" "-e" "CARGO_INCREMENTAL=0" "-e" "RUST_BACKTRACE=full" "-e" "RUSTFLAGS=--cap-lints=forbid" "-e" "CARGO_HOME=/opt/rustwide/cargo-home" "-e" "RUSTUP_HOME=/opt/rustwide/rustup-home" "-w" "/opt/rustwide/workdir" "-m" "1610612736" "--user" "0:0" "--network" "none" "rustops/crates-build-env@sha256:d92eaeed33fa75130ca1ee6c8a01d1ffb62bac859dfdfb3450e3e5d1c0146529" "/opt/rustwide/cargo-home/bin/cargo" "+72f88fc4e9458f89516a0b8b0868f3718aec5b47" "check" "--frozen" "--all" "--all-targets" "--message-format=json", kill_on_drop: false }`
[INFO] [stdout] 35a4bb08feacd6bc89772441e543c23b9ae5b3f7abedc76cca658bdc557625fd
[INFO] [stderr] WARNING: Your kernel does not support swap limit capabilities or the cgroup is not mounted. Memory limited without swap.
[INFO] running `Command { std: "docker" "start" "-a" "35a4bb08feacd6bc89772441e543c23b9ae5b3f7abedc76cca658bdc557625fd", kill_on_drop: false }`
[INFO] [stderr]     Checking libc v0.2.41
[INFO] [stderr]    Compiling cc v1.0.15
[INFO] [stderr]     Checking futures v0.1.21
[INFO] [stderr]     Checking slab v0.4.0
[INFO] [stderr]     Checking lazycell v0.6.0
[INFO] [stderr]     Checking void v1.0.2
[INFO] [stderr]     Checking foreign-types-shared v0.1.1
[INFO] [stderr]    Compiling openssl v0.9.24
[INFO] [stderr]     Checking bitflags v0.9.1
[INFO] [stderr]     Checking utf8-ranges v1.0.0
[INFO] [stderr]    Compiling unicode-xid v0.0.4
[INFO] [stderr]    Compiling serde v1.0.63
[INFO] [stderr]    Compiling winapi v0.3.4
[INFO] [stderr]     Checking string v0.1.0
[INFO] [stderr]    Compiling regex v1.0.0
[INFO] [stderr]     Checking indexmap v1.0.1
[INFO] [stderr]     Checking lazy_static v0.2.11
[INFO] [stderr]     Checking try-lock v0.1.0
[INFO] [stderr]    Compiling quote v0.3.15
[INFO] [stderr]     Checking scoped-tls v0.1.2
[INFO] [stderr]     Checking httparse v1.2.4
[INFO] [stderr]     Checking quick-error v1.2.2
[INFO] [stderr]     Checking direct2d v0.1.2
[INFO] [stderr]     Checking directwrite v0.1.2
[INFO] [stderr]     Checking dtoa v0.4.2
[INFO] [stderr]     Checking itoa v0.4.1
[INFO] [stderr]     Checking rand_core v0.2.0
[INFO] [stderr]     Checking futures-await-await-macro v0.1.1
[INFO] [stderr]     Checking safemem v0.2.0
[INFO] [stderr]     Checking termcolor v0.3.6
[INFO] [stderr]     Checking direct3d11 v0.1.7
[INFO] [stderr]     Checking either v1.5.0
[INFO] [stderr]     Checking spin v0.4.8
[INFO] [stderr]     Checking dxgi v0.1.7
[INFO] [stdout] error: the legacy LLVM-style asm! syntax is no longer supported
[INFO] [stdout]  --> /opt/rustwide/cargo-home/registry/src/github.com-1ecc6299db9ec823/spin-0.4.8/src/util.rs:8:14
[INFO] [stdout]   |
[INFO] [stdout] 8 |     unsafe { asm!("pause" :::: "volatile"); }
[INFO] [stdout]   |              ----^^^^^^^^^^^^^^^^^^^^^^^^^^
[INFO] [stdout]   |              |
[INFO] [stdout]   |              help: replace with: `llvm_asm!`
[INFO] [stdout]   |
[INFO] [stdout]   = note: consider migrating to the new asm! syntax specified in RFC 2873
[INFO] [stdout]   = note: alternatively, switch to llvm_asm! to keep your code working as it is
[INFO] [stdout] 
[INFO] [stdout] 
[INFO] [stderr]     Checking log v0.4.1
[INFO] [stderr]     Checking crossbeam-utils v0.3.2
[INFO] [stderr]    Compiling proc-macro2 v0.4.3
[INFO] [stderr]     Checking regex-syntax v0.6.0
[INFO] [stdout] error: aborting due to previous error
[INFO] [stdout] 
[INFO] [stdout] 
[INFO] [stderr] error: could not compile `spin`.
[INFO] [stderr] 
[INFO] [stderr] To learn more, run the command again with --verbose.
[INFO] [stderr] warning: build failed, waiting for other jobs to finish...
[INFO] [stdout] error[E0658]: use of unstable library feature 'proc_macro_span'
[INFO] [stdout]    --> /opt/rustwide/cargo-home/registry/src/github.com-1ecc6299db9ec823/proc-macro2-0.4.3/src/unstable.rs:284:13
[INFO] [stdout]     |
[INFO] [stdout] 284 |     Nightly(proc_macro::SourceFile, FileName),
[INFO] [stdout]     |             ^^^^^^^^^^^^^^^^^^^^^^
[INFO] [stdout]     |
[INFO] [stdout]     = note: see issue #54725 <https://github.com/rust-lang/rust/issues/54725> for more information
[INFO] [stdout]     = help: add `#![feature(proc_macro_span)]` to the crate attributes to enable
[INFO] [stdout] 
[INFO] [stdout] 
[INFO] [stdout] error[E0658]: use of unstable library feature 'proc_macro_span'
[INFO] [stdout]    --> /opt/rustwide/cargo-home/registry/src/github.com-1ecc6299db9ec823/proc-macro2-0.4.3/src/unstable.rs:289:20
[INFO] [stdout]     |
[INFO] [stdout] 289 |     fn nightly(sf: proc_macro::SourceFile) -> Self {
[INFO] [stdout]     |                    ^^^^^^^^^^^^^^^^^^^^^^
[INFO] [stdout]     |
[INFO] [stdout]     = note: see issue #54725 <https://github.com/rust-lang/rust/issues/54725> for more information
[INFO] [stdout]     = help: add `#![feature(proc_macro_span)]` to the crate attributes to enable
[INFO] [stdout] 
[INFO] [stdout] 
[INFO] [stdout] error[E0599]: no function or associated item named `empty` found for struct `proc_macro::TokenStream` in the current scope
[INFO] [stdout]   --> /opt/rustwide/cargo-home/registry/src/github.com-1ecc6299db9ec823/proc-macro2-0.4.3/src/unstable.rs:45:59
[INFO] [stdout]    |
[INFO] [stdout] 45 |             TokenStream::Nightly(proc_macro::TokenStream::empty())
[INFO] [stdout]    |                                                           ^^^^^ function or associated item not found in `proc_macro::TokenStream`
[INFO] [stdout] 
[INFO] [stdout] 
[INFO] [stdout] error[E0658]: use of unstable library feature 'proc_macro_span'
[INFO] [stdout]    --> /opt/rustwide/cargo-home/registry/src/github.com-1ecc6299db9ec823/proc-macro2-0.4.3/src/unstable.rs:290:45
[INFO] [stdout]     |
[INFO] [stdout] 290 |         let filename = stable::file_name(sf.path().to_string());
[INFO] [stdout]     |                                             ^^^^
[INFO] [stdout]     |
[INFO] [stdout]     = note: see issue #54725 <https://github.com/rust-lang/rust/issues/54725> for more information
[INFO] [stdout]     = help: add `#![feature(proc_macro_span)]` to the crate attributes to enable
[INFO] [stdout] 
[INFO] [stdout] 
[INFO] [stdout] error[E0599]: no method named `to_string` found for struct `PathBuf` in the current scope
[INFO] [stdout]     --> /opt/rustwide/cargo-home/registry/src/github.com-1ecc6299db9ec823/proc-macro2-0.4.3/src/unstable.rs:290:52
[INFO] [stdout]      |
[INFO] [stdout] 290  |           let filename = stable::file_name(sf.path().to_string());
[INFO] [stdout]      |                                                      ^^^^^^^^^ help: there is an associated function with a similar name: `to_str`
[INFO] [stdout]      |
[INFO] [stdout]      = note: the method `to_string` exists but the following trait bounds were not satisfied:
[INFO] [stdout]              `PathBuf: std::fmt::Display`
[INFO] [stdout]              which is required by `PathBuf: ToString`
[INFO] [stdout]              `Path: std::fmt::Display`
[INFO] [stdout]              which is required by `Path: ToString`
[INFO] [stdout] 
[INFO] [stdout] 
[INFO] [stdout] error[E0658]: use of unstable library feature 'proc_macro_span'
[INFO] [stdout]    --> /opt/rustwide/cargo-home/registry/src/github.com-1ecc6299db9ec823/proc-macro2-0.4.3/src/unstable.rs:304:44
[INFO] [stdout]     |
[INFO] [stdout] 304 |             SourceFile::Nightly(a, _) => a.is_real(),
[INFO] [stdout]     |                                            ^^^^^^^
[INFO] [stdout]     |
[INFO] [stdout]     = note: see issue #54725 <https://github.com/rust-lang/rust/issues/54725> for more information
[INFO] [stdout]     = help: add `#![feature(proc_macro_span)]` to the crate attributes to enable
[INFO] [stdout] 
[INFO] [stdout] 
[INFO] [stdout] error[E0658]: use of unstable library feature 'proc_macro_def_site'
[INFO] [stdout]    --> /opt/rustwide/cargo-home/registry/src/github.com-1ecc6299db9ec823/proc-macro2-0.4.3/src/unstable.rs:347:27
[INFO] [stdout]     |
[INFO] [stdout] 347 |             Span::Nightly(proc_macro::Span::def_site())
[INFO] [stdout]     |                           ^^^^^^^^^^^^^^^^^^^^^^^^^^
[INFO] [stdout]     |
[INFO] [stdout]     = note: see issue #54724 <https://github.com/rust-lang/rust/issues/54724> for more information
[INFO] [stdout]     = help: add `#![feature(proc_macro_def_site)]` to the crate attributes to enable
[INFO] [stdout] 
[INFO] [stdout] 
[INFO] [stdout] error[E0658]: use of unstable library feature 'proc_macro_span'
[INFO] [stdout]    --> /opt/rustwide/cargo-home/registry/src/github.com-1ecc6299db9ec823/proc-macro2-0.4.3/src/unstable.rs:424:55
[INFO] [stdout]     |
[INFO] [stdout] 424 |             (Span::Nightly(a), Span::Nightly(b)) => a.eq(b),
[INFO] [stdout]     |                                                       ^^
[INFO] [stdout]     |
[INFO] [stdout]     = note: see issue #54725 <https://github.com/rust-lang/rust/issues/54725> for more information
[INFO] [stdout]     = help: add `#![feature(proc_macro_span)]` to the crate attributes to enable
[INFO] [stdout] 
[INFO] [stdout] 
[INFO] [stdout] error: aborting due to 8 previous errors
[INFO] [stdout] 
[INFO] [stdout] 
[INFO] [stdout] Some errors have detailed explanations: E0599, E0658.
[INFO] [stdout] 
[INFO] [stdout] For more information about an error, try `rustc --explain E0599`.
[INFO] [stdout] 
[INFO] [stderr] error: build failed
[INFO] running `Command { std: "docker" "inspect" "35a4bb08feacd6bc89772441e543c23b9ae5b3f7abedc76cca658bdc557625fd", kill_on_drop: false }`
[INFO] running `Command { std: "docker" "rm" "-f" "35a4bb08feacd6bc89772441e543c23b9ae5b3f7abedc76cca658bdc557625fd", kill_on_drop: false }`
[INFO] [stdout] 35a4bb08feacd6bc89772441e543c23b9ae5b3f7abedc76cca658bdc557625fd
